{"id":53,"date":"2014-02-04T17:43:42","date_gmt":"2014-02-04T16:43:42","guid":{"rendered":"http:\/\/maestronacor.com\/?page_id=53"},"modified":"2014-02-19T09:06:26","modified_gmt":"2014-02-19T08:06:26","slug":"cuarteto-de-saxos","status":"publish","type":"page","link":"https:\/\/maestronacor.com\/?page_id=53","title":{"rendered":"Cuarteto de Saxos"},"content":{"rendered":"<p><b>Cuarteto de Saxos de la Banda de M\u00fasica \u201cMaestro Nacor Blanco\u201d<\/b><\/p>\n<p><b>\u00a0<a href=\"http:\/\/maestronacor.com\/wp-content\/uploads\/2014\/02\/cuarteto1.jpg\"><img loading=\"lazy\" decoding=\"async\" class=\"size-medium wp-image-92 aligncenter\" alt=\"cuarteto1\" src=\"http:\/\/maestronacor.com\/wp-content\/uploads\/2014\/02\/cuarteto1-300x180.jpg\" width=\"300\" height=\"180\" srcset=\"https:\/\/maestronacor.com\/wp-content\/uploads\/2014\/02\/cuarteto1-300x180.jpg 300w, https:\/\/maestronacor.com\/wp-content\/uploads\/2014\/02\/cuarteto1.jpg 720w\" sizes=\"auto, (max-width: 300px) 100vw, 300px\" \/><\/a><\/b><\/p>\n<p style=\"text-align: justify;\">En Febrero de 2010 realiza un primer concierto esta formaci\u00f3n surgida en el seno de la Banda de M\u00fasica \u201cMaestro Nacor Blanco\u201d, integrada por m\u00fasicos ligados a esta agrupaci\u00f3n zamorana.<\/p>\n<p><a href=\"http:\/\/maestronacor.com\/wp-content\/uploads\/2014\/02\/cuarteto2.jpg\"><img loading=\"lazy\" decoding=\"async\" class=\"size-medium wp-image-93 aligncenter\" alt=\"cuarteto2\" src=\"http:\/\/maestronacor.com\/wp-content\/uploads\/2014\/02\/cuarteto2-300x185.jpg\" width=\"300\" height=\"185\" srcset=\"https:\/\/maestronacor.com\/wp-content\/uploads\/2014\/02\/cuarteto2-300x185.jpg 300w, https:\/\/maestronacor.com\/wp-content\/uploads\/2014\/02\/cuarteto2.jpg 638w\" sizes=\"auto, (max-width: 300px) 100vw, 300px\" \/><\/a><\/p>\n<p style=\"text-align: justify;\">Esta formaci\u00f3n de c\u00e1mara, de las encuadradas en la m\u00fasica academicista actual, est\u00e1 compuesta por un saxo bar\u00edtono, un saxo tenor, un saxo alto y un saxo soprano, aunque, dependiendo de las obras musicales que interpreten, en ocasiones el saxo soprano es sustituido bien por un segundo saxo alto, o, rompiendo m\u00e1s la imagen integra de la formaci\u00f3n saxofonista, un clarinete soprano.<\/p>\n<p><a href=\"http:\/\/maestronacor.com\/wp-content\/uploads\/2014\/02\/cuarteto3.jpg\"><img loading=\"lazy\" decoding=\"async\" class=\"size-medium wp-image-94 aligncenter\" alt=\"cuarteto3\" src=\"http:\/\/maestronacor.com\/wp-content\/uploads\/2014\/02\/cuarteto3-300x225.jpg\" width=\"300\" height=\"225\" srcset=\"https:\/\/maestronacor.com\/wp-content\/uploads\/2014\/02\/cuarteto3-300x225.jpg 300w, https:\/\/maestronacor.com\/wp-content\/uploads\/2014\/02\/cuarteto3.jpg 720w\" sizes=\"auto, (max-width: 300px) 100vw, 300px\" \/><\/a><\/p>\n<p style=\"text-align: justify;\">El repertorio de esta formaci\u00f3n es amplio, tratando obras de diferentes \u00e9pocas y estilos, pero poniendo m\u00e1s acento en aquellas propias del Siglo XX y ligadas a manifestaciones populares del momento como el jazz, la banda sonora o el bolero.<\/p>\n","protected":false},"excerpt":{"rendered":"<p>Cuarteto de Saxos de la Banda de M\u00fasica \u201cMaestro Nacor Blanco\u201d \u00a0 En Febrero de 2010 realiza un primer concierto esta formaci\u00f3n surgida en el seno de la Banda de M\u00fasica \u201cMaestro Nacor Blanco\u201d, integrada por m\u00fasicos ligados a esta agrupaci\u00f3n zamorana. Esta formaci\u00f3n de c\u00e1mara, de las encuadradas en la m\u00fasica academicista actual, est\u00e1 [&hellip;]<\/p>\n","protected":false},"author":1,"featured_media":0,"parent":0,"menu_order":0,"comment_status":"closed","ping_status":"closed","template":"","meta":{"footnotes":""},"class_list":["post-53","page","type-page","status-publish","hentry"],"jetpack_sharing_enabled":true,"_links":{"self":[{"href":"https:\/\/maestronacor.com\/index.php?rest_route=\/wp\/v2\/pages\/53","targetHints":{"allow":["GET"]}}],"collection":[{"href":"https:\/\/maestronacor.com\/index.php?rest_route=\/wp\/v2\/pages"}],"about":[{"href":"https:\/\/maestronacor.com\/index.php?rest_route=\/wp\/v2\/types\/page"}],"author":[{"embeddable":true,"href":"https:\/\/maestronacor.com\/index.php?rest_route=\/wp\/v2\/users\/1"}],"replies":[{"embeddable":true,"href":"https:\/\/maestronacor.com\/index.php?rest_route=%2Fwp%2Fv2%2Fcomments&post=53"}],"version-history":[{"count":3,"href":"https:\/\/maestronacor.com\/index.php?rest_route=\/wp\/v2\/pages\/53\/revisions"}],"predecessor-version":[{"id":301,"href":"https:\/\/maestronacor.com\/index.php?rest_route=\/wp\/v2\/pages\/53\/revisions\/301"}],"wp:attachment":[{"href":"https:\/\/maestronacor.com\/index.php?rest_route=%2Fwp%2Fv2%2Fmedia&parent=53"}],"curies":[{"name":"wp","href":"https:\/\/api.w.org\/{rel}","templated":true}]}}