{"id":49,"date":"2014-02-04T17:42:59","date_gmt":"2014-02-04T16:42:59","guid":{"rendered":"http:\/\/maestronacor.com\/?page_id=49"},"modified":"2014-02-19T09:03:52","modified_gmt":"2014-02-19T08:03:52","slug":"banda-de-musica","status":"publish","type":"page","link":"https:\/\/maestronacor.com\/?page_id=49","title":{"rendered":"Banda de M\u00fasica"},"content":{"rendered":"<p><b>Banda de M\u00fasica \u201cMaestro Nacor Blanco\u201d<\/b><\/p>\n<p style=\"text-align: justify;\">En los inicios, esta formaci\u00f3n comenz\u00f3 estando integrada por cerca de una treintena de instrumentistas provenientes, en su mayor\u00eda, de otras agrupaciones musicales de la provincia de Zamora, en general \u00a0formados musicalmente en estas o en distintas instituciones locales o de \u00e1mbito estatal. En la actualidad cuenta con m\u00e1s de sesenta m\u00fasicos, de los cu\u00e1les algunos han desarrollado su aprendizaje como instrumentistas en el seno de la Banda de M\u00fasica a trav\u00e9s de las actividades de formaci\u00f3n que se organizan desde su Escuela.<\/p>\n<p><a href=\"http:\/\/maestronacor.com\/wp-content\/uploads\/2014\/02\/MG_3564.jpg\"><img loading=\"lazy\" decoding=\"async\" class=\"size-medium wp-image-80 aligncenter\" alt=\"_MG_3564\" src=\"http:\/\/maestronacor.com\/wp-content\/uploads\/2014\/02\/MG_3564-300x216.jpg\" width=\"300\" height=\"216\" srcset=\"https:\/\/maestronacor.com\/wp-content\/uploads\/2014\/02\/MG_3564-300x216.jpg 300w, https:\/\/maestronacor.com\/wp-content\/uploads\/2014\/02\/MG_3564-1024x739.jpg 1024w\" sizes=\"auto, (max-width: 300px) 100vw, 300px\" \/><\/a><\/p>\n<p style=\"text-align: justify;\">Todos ellos integran una formaci\u00f3n basada en el tradicional formato de una banda de m\u00fasica, \u00a0agrupaci\u00f3n instrumental de corte academicista cuya plantilla est\u00e1 distribuida en mayor n\u00famero en instrumentos aer\u00f3fonos (viento madera y viento metal), y en menor medida, en instrumentos membran\u00f3fonos e idi\u00f3fonos (ambos conocidos como de percusi\u00f3n), sin incluir instrumentos cord\u00f3fonos (violonchelos y contrabajos principalmente) como sucede en las bandas denominadas \u201csinf\u00f3nicas\u201d.<\/p>\n<p>&nbsp;<\/p>\n<p style=\"text-align: center;\">\u00a0<a href=\"http:\/\/maestronacor.com\/wp-content\/uploads\/2014\/02\/Agrupa2.jpg\"><img loading=\"lazy\" decoding=\"async\" class=\"alignnone size-medium wp-image-83\" alt=\"Agrupa2\" src=\"http:\/\/maestronacor.com\/wp-content\/uploads\/2014\/02\/Agrupa2-300x162.jpg\" width=\"300\" height=\"162\" srcset=\"https:\/\/maestronacor.com\/wp-content\/uploads\/2014\/02\/Agrupa2-300x162.jpg 300w, https:\/\/maestronacor.com\/wp-content\/uploads\/2014\/02\/Agrupa2.jpg 911w\" sizes=\"auto, (max-width: 300px) 100vw, 300px\" \/><\/a><\/p>\n<p>&nbsp;<\/p>\n<p style=\"text-align: justify;\">El repertorio que interpreta habitualmente en sus actuaciones la Banda de M\u00fasica \u201cMaestro Nacor Blanco\u201d podr\u00eda etiquetarse como \u201cecl\u00e9ctico\u201d, ya que comprende obras pertenecientes a distintos estilos y periodos musicales, pudiendo encontrar en los programas de concierto transcripciones de composiciones de m\u00fasica academicista, obras creadas espec\u00edficamente para banda de m\u00fasica, piezas populares espa\u00f1olas o del folclore tradicional zamorano, arreglos de bandas sonoras de largometrajes conocidos, e incluso adaptaciones de la m\u00fasica popular actual.<\/p>\n<p><a href=\"http:\/\/maestronacor.com\/wp-content\/uploads\/2014\/02\/Agrupa3.jpg\"><img loading=\"lazy\" decoding=\"async\" class=\"size-medium wp-image-85 aligncenter\" alt=\"Agrupa3\" src=\"http:\/\/maestronacor.com\/wp-content\/uploads\/2014\/02\/Agrupa3-300x200.jpg\" width=\"300\" height=\"200\" srcset=\"https:\/\/maestronacor.com\/wp-content\/uploads\/2014\/02\/Agrupa3-300x200.jpg 300w, https:\/\/maestronacor.com\/wp-content\/uploads\/2014\/02\/Agrupa3.jpg 720w\" sizes=\"auto, (max-width: 300px) 100vw, 300px\" \/><\/a><\/p>\n<p style=\"text-align: justify;\">Aunque una parte importante del repertorio y por el que, si duda alguna, destaca esta agrupaci\u00f3n musical,\u00a0 es el que est\u00e1 integrado por las marchas procesionales de Semana Santa, debido a que una cantidad significativa de su actuaciones son las relativas a su participaci\u00f3n en algunos de los diferentes desfiles procesionales que se llevan a cabo en Zamora durante la Semana Santa, manifestaci\u00f3n religiosa y cultural de reconocido prestigio internacional, as\u00ed como en otras procesiones que se realizan en esta ciudad durante el resto del a\u00f1o, lo que le confiere a esta formaci\u00f3n un evidente car\u00e1cter procesional y \u00a0\u201csemanasantero\u201d.<\/p>\n<p><a href=\"http:\/\/maestronacor.com\/wp-content\/uploads\/2014\/02\/Agrupa4.jpg\"><img loading=\"lazy\" decoding=\"async\" class=\"size-medium wp-image-87 aligncenter\" alt=\"Agrupa4\" src=\"http:\/\/maestronacor.com\/wp-content\/uploads\/2014\/02\/Agrupa4-216x300.jpg\" width=\"216\" height=\"300\" srcset=\"https:\/\/maestronacor.com\/wp-content\/uploads\/2014\/02\/Agrupa4-216x300.jpg 216w, https:\/\/maestronacor.com\/wp-content\/uploads\/2014\/02\/Agrupa4.jpg 623w\" sizes=\"auto, (max-width: 216px) 100vw, 216px\" \/><\/a><\/p>\n<p style=\"text-align: justify;\">Testigos de este hecho, y de la implicaci\u00f3n con la Semana Santa de Zamora, es la primera grabaci\u00f3n sonora realizada por esta Banda de M\u00fasica, \u201cCompases Zamoranos: Marchas de Semana Santa de autores zamoranos\u201d compuesta \u00edntegramente por marchas procesionales, as\u00ed como los distintos actos y conciertos sobre esta tem\u00e1tica en los que participa, organizados algunos desde la propia Asociaci\u00f3n Cultural.<\/p>\n<p><a href=\"http:\/\/maestronacor.com\/wp-content\/uploads\/2014\/02\/Agrupa5.jpg\"><img loading=\"lazy\" decoding=\"async\" class=\"size-medium wp-image-89 aligncenter\" alt=\"Agrupa5\" src=\"http:\/\/maestronacor.com\/wp-content\/uploads\/2014\/02\/Agrupa5-300x224.jpg\" width=\"300\" height=\"224\" srcset=\"https:\/\/maestronacor.com\/wp-content\/uploads\/2014\/02\/Agrupa5-300x224.jpg 300w, https:\/\/maestronacor.com\/wp-content\/uploads\/2014\/02\/Agrupa5.jpg 899w\" sizes=\"auto, (max-width: 300px) 100vw, 300px\" \/><\/a><\/p>\n","protected":false},"excerpt":{"rendered":"<p>Banda de M\u00fasica \u201cMaestro Nacor Blanco\u201d En los inicios, esta formaci\u00f3n comenz\u00f3 estando integrada por cerca de una treintena de instrumentistas provenientes, en su mayor\u00eda, de otras agrupaciones musicales de la provincia de Zamora, en general \u00a0formados musicalmente en estas o en distintas instituciones locales o de \u00e1mbito estatal. En la actualidad cuenta con m\u00e1s [&hellip;]<\/p>\n","protected":false},"author":1,"featured_media":0,"parent":0,"menu_order":0,"comment_status":"closed","ping_status":"closed","template":"","meta":{"footnotes":""},"class_list":["post-49","page","type-page","status-publish","hentry"],"jetpack_sharing_enabled":true,"_links":{"self":[{"href":"https:\/\/maestronacor.com\/index.php?rest_route=\/wp\/v2\/pages\/49","targetHints":{"allow":["GET"]}}],"collection":[{"href":"https:\/\/maestronacor.com\/index.php?rest_route=\/wp\/v2\/pages"}],"about":[{"href":"https:\/\/maestronacor.com\/index.php?rest_route=\/wp\/v2\/types\/page"}],"author":[{"embeddable":true,"href":"https:\/\/maestronacor.com\/index.php?rest_route=\/wp\/v2\/users\/1"}],"replies":[{"embeddable":true,"href":"https:\/\/maestronacor.com\/index.php?rest_route=%2Fwp%2Fv2%2Fcomments&post=49"}],"version-history":[{"count":12,"href":"https:\/\/maestronacor.com\/index.php?rest_route=\/wp\/v2\/pages\/49\/revisions"}],"predecessor-version":[{"id":299,"href":"https:\/\/maestronacor.com\/index.php?rest_route=\/wp\/v2\/pages\/49\/revisions\/299"}],"wp:attachment":[{"href":"https:\/\/maestronacor.com\/index.php?rest_route=%2Fwp%2Fv2%2Fmedia&parent=49"}],"curies":[{"name":"wp","href":"https:\/\/api.w.org\/{rel}","templated":true}]}}

Banda de Música

<p><b>Banda de Música “Maestro Nacor Blanco”</b></p>
<p style="text-align: justify;">En los inicios, esta formación comenzó estando integrada por cerca de una treintena de instrumentistas provenientes, en su mayoría, de otras agrupaciones musicales de la provincia de Zamora, en general  formados musicalmente en estas o en distintas instituciones locales o de ámbito estatal. En la actualidad cuenta con más de sesenta músicos, de los cuáles algunos han desarrollado su aprendizaje como instrumentistas en el seno de la Banda de Música a través de las actividades de formación que se organizan desde su Escuela.</p>
<p><a href="http://maestronacor.com/wp-content/uploads/2014/02/MG_3564.jpg"><img loading="lazy" decoding="async" class="size-medium wp-image-80 aligncenter" alt="_MG_3564" src="http://maestronacor.com/wp-content/uploads/2014/02/MG_3564-300x216.jpg" width="300" height="216" srcset="https://maestronacor.com/wp-content/uploads/2014/02/MG_3564-300x216.jpg 300w, https://maestronacor.com/wp-content/uploads/2014/02/MG_3564-1024x739.jpg 1024w" sizes="auto, (max-width: 300px) 100vw, 300px" /></a></p>
<p style="text-align: justify;">Todos ellos integran una formación basada en el tradicional formato de una banda de música,  agrupación instrumental de corte academicista cuya plantilla está distribuida en mayor número en instrumentos aerófonos (viento madera y viento metal), y en menor medida, en instrumentos membranófonos e idiófonos (ambos conocidos como de percusión), sin incluir instrumentos cordófonos (violonchelos y contrabajos principalmente) como sucede en las bandas denominadas “sinfónicas”.</p>
<p>&nbsp;</p>
<p style="text-align: center;"> <a href="http://maestronacor.com/wp-content/uploads/2014/02/Agrupa2.jpg"><img loading="lazy" decoding="async" class="alignnone size-medium wp-image-83" alt="Agrupa2" src="http://maestronacor.com/wp-content/uploads/2014/02/Agrupa2-300x162.jpg" width="300" height="162" srcset="https://maestronacor.com/wp-content/uploads/2014/02/Agrupa2-300x162.jpg 300w, https://maestronacor.com/wp-content/uploads/2014/02/Agrupa2.jpg 911w" sizes="auto, (max-width: 300px) 100vw, 300px" /></a></p>
<p>&nbsp;</p>
<p style="text-align: justify;">El repertorio que interpreta habitualmente en sus actuaciones la Banda de Música “Maestro Nacor Blanco” podría etiquetarse como “ecléctico”, ya que comprende obras pertenecientes a distintos estilos y periodos musicales, pudiendo encontrar en los programas de concierto transcripciones de composiciones de música academicista, obras creadas específicamente para banda de música, piezas populares españolas o del folclore tradicional zamorano, arreglos de bandas sonoras de largometrajes conocidos, e incluso adaptaciones de la música popular actual.</p>
<p><a href="http://maestronacor.com/wp-content/uploads/2014/02/Agrupa3.jpg"><img loading="lazy" decoding="async" class="size-medium wp-image-85 aligncenter" alt="Agrupa3" src="http://maestronacor.com/wp-content/uploads/2014/02/Agrupa3-300x200.jpg" width="300" height="200" srcset="https://maestronacor.com/wp-content/uploads/2014/02/Agrupa3-300x200.jpg 300w, https://maestronacor.com/wp-content/uploads/2014/02/Agrupa3.jpg 720w" sizes="auto, (max-width: 300px) 100vw, 300px" /></a></p>
<p style="text-align: justify;">Aunque una parte importante del repertorio y por el que, si duda alguna, destaca esta agrupación musical,  es el que está integrado por las marchas procesionales de Semana Santa, debido a que una cantidad significativa de su actuaciones son las relativas a su participación en algunos de los diferentes desfiles procesionales que se llevan a cabo en Zamora durante la Semana Santa, manifestación religiosa y cultural de reconocido prestigio internacional, así como en otras procesiones que se realizan en esta ciudad durante el resto del año, lo que le confiere a esta formación un evidente carácter procesional y  “semanasantero”.</p>
<p><a href="http://maestronacor.com/wp-content/uploads/2014/02/Agrupa4.jpg"><img loading="lazy" decoding="async" class="size-medium wp-image-87 aligncenter" alt="Agrupa4" src="http://maestronacor.com/wp-content/uploads/2014/02/Agrupa4-216x300.jpg" width="216" height="300" srcset="https://maestronacor.com/wp-content/uploads/2014/02/Agrupa4-216x300.jpg 216w, https://maestronacor.com/wp-content/uploads/2014/02/Agrupa4.jpg 623w" sizes="auto, (max-width: 216px) 100vw, 216px" /></a></p>
<p style="text-align: justify;">Testigos de este hecho, y de la implicación con la Semana Santa de Zamora, es la primera grabación sonora realizada por esta Banda de Música, “Compases Zamoranos: Marchas de Semana Santa de autores zamoranos” compuesta íntegramente por marchas procesionales, así como los distintos actos y conciertos sobre esta temática en los que participa, organizados algunos desde la propia Asociación Cultural.</p>
<p><a href="http://maestronacor.com/wp-content/uploads/2014/02/Agrupa5.jpg"><img loading="lazy" decoding="async" class="size-medium wp-image-89 aligncenter" alt="Agrupa5" src="http://maestronacor.com/wp-content/uploads/2014/02/Agrupa5-300x224.jpg" width="300" height="224" srcset="https://maestronacor.com/wp-content/uploads/2014/02/Agrupa5-300x224.jpg 300w, https://maestronacor.com/wp-content/uploads/2014/02/Agrupa5.jpg 899w" sizes="auto, (max-width: 300px) 100vw, 300px" /></a></p>

<p>Banda de Música “Maestro Nacor Blanco” En los inicios, esta formación comenzó estando integrada por cerca de una treintena de instrumentistas provenientes, en su mayoría, de otras agrupaciones musicales de la provincia de Zamora, en general  formados musicalmente en estas o en distintas instituciones locales o de ámbito estatal. En la actualidad cuenta con más [&hellip;]</p>
