{"id":43,"date":"2014-02-04T17:41:11","date_gmt":"2014-02-04T16:41:11","guid":{"rendered":"http:\/\/maestronacor.com\/?page_id=43"},"modified":"2014-02-19T09:01:34","modified_gmt":"2014-02-19T08:01:34","slug":"historia","status":"publish","type":"page","link":"https:\/\/maestronacor.com\/?page_id=43","title":{"rendered":"Historia"},"content":{"rendered":"<p><a href=\"http:\/\/maestronacor.com\/wp-content\/uploads\/2014\/02\/historia1.jpg\"><img loading=\"lazy\" decoding=\"async\" class=\"size-medium wp-image-96 aligncenter\" alt=\"historia1\" src=\"http:\/\/maestronacor.com\/wp-content\/uploads\/2014\/02\/historia1-300x176.jpg\" width=\"300\" height=\"176\" srcset=\"https:\/\/maestronacor.com\/wp-content\/uploads\/2014\/02\/historia1-300x176.jpg 300w, https:\/\/maestronacor.com\/wp-content\/uploads\/2014\/02\/historia1.jpg 928w\" sizes=\"auto, (max-width: 300px) 100vw, 300px\" \/><\/a><\/p>\n<p style=\"text-align: justify;\">En noviembre de 2006, un grupo de m\u00fasicos y amigos deciden agruparse formando una nueva banda de m\u00fasica en la ciudad de Zamora, con el \u00fanico objetivo de disfrutar todos juntos de una de sus mayores aficiones, la M\u00fasica, intentando que a su vez esta nueva formaci\u00f3n se integrase en la vida art\u00edstica y musical de la ciudad con su participaci\u00f3n en los actos y acontecimientos m\u00e1s representativos de la misma, y en especial, en su Semana Santa.<\/p>\n<p><a href=\"http:\/\/maestronacor.com\/wp-content\/uploads\/2014\/02\/historia2.jpg\"><img loading=\"lazy\" decoding=\"async\" class=\"size-medium wp-image-97 aligncenter\" alt=\"historia2\" src=\"http:\/\/maestronacor.com\/wp-content\/uploads\/2014\/02\/historia2-300x200.jpg\" width=\"300\" height=\"200\" srcset=\"https:\/\/maestronacor.com\/wp-content\/uploads\/2014\/02\/historia2-300x200.jpg 300w, https:\/\/maestronacor.com\/wp-content\/uploads\/2014\/02\/historia2.jpg 328w\" sizes=\"auto, (max-width: 300px) 100vw, 300px\" \/><\/a><\/p>\n<p style=\"text-align: justify;\">Estas pretensiones son llevadas a la realidad, y fruto de la ilusi\u00f3n y del trabajo es el primer concierto realizado por la Banda de M\u00fasica \u201cMaestro Nacor Blanco\u201d (denominaci\u00f3n fijada en honor al m\u00fasico y director zamorano) en Marzo de 2007, y su participaci\u00f3n, ese mismo a\u00f1o, en cuatro de los desfiles procesionales de la Semana de Pasi\u00f3n zamorana. En el mes de Junio de 2007 se formaliza oficialmente la Asociaci\u00f3n Cultural Banda de M\u00fasica \u201cMaestro Nacor Blanco\u201d, creada para la gesti\u00f3n y el mantenimiento de las infraestructuras necesarias para el desarrollo de la propia actividad de la Banda de M\u00fasica.<\/p>\n<p><a href=\"http:\/\/maestronacor.com\/wp-content\/uploads\/2014\/02\/historia3.jpg\"><img loading=\"lazy\" decoding=\"async\" class=\"size-medium wp-image-98 aligncenter\" alt=\"historia3\" src=\"http:\/\/maestronacor.com\/wp-content\/uploads\/2014\/02\/historia3-300x181.jpg\" width=\"300\" height=\"181\" srcset=\"https:\/\/maestronacor.com\/wp-content\/uploads\/2014\/02\/historia3-300x181.jpg 300w, https:\/\/maestronacor.com\/wp-content\/uploads\/2014\/02\/historia3.jpg 829w\" sizes=\"auto, (max-width: 300px) 100vw, 300px\" \/><\/a><\/p>\n<p style=\"text-align: justify;\">Desde ese primer concierto, las actuaciones realizadas y las colaboraciones mantenidas con otras asociaciones e instituciones han sido numerosas, superando en estos momentos m\u00e1s del centenar de participaciones en distintos actos, quedando as\u00ed constatada la consolidaci\u00f3n del proyecto inicial. Debido a la obtenci\u00f3n de estos \u00f3ptimos resultados, los objetivos iniciales \u00a0de la Banda de M\u00fasica y de su Asociaci\u00f3n Cultural han sido ampliados, con la creaci\u00f3n de una Escuela de M\u00fasica en d\u00f3nde formar nuevos instrumentistas, el surgimiento de distintas formaciones musicales integradas dentro de la Asociaci\u00f3n, la organizaci\u00f3n de distintos eventos de car\u00e1cter musical y cultural a lo largo de estos a\u00f1os y el planteamiento de un proyecto de futuro, realista, responsable y comprometido con Zamora, que permita seguir creciendo musical y culturalmente a esta formaci\u00f3n musical, a sus integrantes y a todos aquellos que quieran disfrutar de nuestra m\u00fasica, su m\u00fasica.<\/p>\n<p><a href=\"http:\/\/maestronacor.com\/wp-content\/uploads\/2014\/02\/historia4.jpg\"><img loading=\"lazy\" decoding=\"async\" class=\"size-medium wp-image-99 aligncenter\" alt=\"historia4\" src=\"http:\/\/maestronacor.com\/wp-content\/uploads\/2014\/02\/historia4-300x225.jpg\" width=\"300\" height=\"225\" srcset=\"https:\/\/maestronacor.com\/wp-content\/uploads\/2014\/02\/historia4-300x225.jpg 300w, https:\/\/maestronacor.com\/wp-content\/uploads\/2014\/02\/historia4.jpg 604w\" sizes=\"auto, (max-width: 300px) 100vw, 300px\" \/><\/a><\/p>\n","protected":false},"excerpt":{"rendered":"<p>En noviembre de 2006, un grupo de m\u00fasicos y amigos deciden agruparse formando una nueva banda de m\u00fasica en la ciudad de Zamora, con el \u00fanico objetivo de disfrutar todos juntos de una de sus mayores aficiones, la M\u00fasica, intentando que a su vez esta nueva formaci\u00f3n se integrase en la vida art\u00edstica y musical [&hellip;]<\/p>\n","protected":false},"author":1,"featured_media":0,"parent":0,"menu_order":0,"comment_status":"closed","ping_status":"closed","template":"","meta":{"footnotes":""},"class_list":["post-43","page","type-page","status-publish","hentry"],"jetpack_sharing_enabled":true,"_links":{"self":[{"href":"https:\/\/maestronacor.com\/index.php?rest_route=\/wp\/v2\/pages\/43","targetHints":{"allow":["GET"]}}],"collection":[{"href":"https:\/\/maestronacor.com\/index.php?rest_route=\/wp\/v2\/pages"}],"about":[{"href":"https:\/\/maestronacor.com\/index.php?rest_route=\/wp\/v2\/types\/page"}],"author":[{"embeddable":true,"href":"https:\/\/maestronacor.com\/index.php?rest_route=\/wp\/v2\/users\/1"}],"replies":[{"embeddable":true,"href":"https:\/\/maestronacor.com\/index.php?rest_route=%2Fwp%2Fv2%2Fcomments&post=43"}],"version-history":[{"count":6,"href":"https:\/\/maestronacor.com\/index.php?rest_route=\/wp\/v2\/pages\/43\/revisions"}],"predecessor-version":[{"id":298,"href":"https:\/\/maestronacor.com\/index.php?rest_route=\/wp\/v2\/pages\/43\/revisions\/298"}],"wp:attachment":[{"href":"https:\/\/maestronacor.com\/index.php?rest_route=%2Fwp%2Fv2%2Fmedia&parent=43"}],"curies":[{"name":"wp","href":"https:\/\/api.w.org\/{rel}","templated":true}]}}

<p><a href="http://maestronacor.com/wp-content/uploads/2014/02/historia1.jpg"><img loading="lazy" decoding="async" class="size-medium wp-image-96 aligncenter" alt="historia1" src="http://maestronacor.com/wp-content/uploads/2014/02/historia1-300x176.jpg" width="300" height="176" srcset="https://maestronacor.com/wp-content/uploads/2014/02/historia1-300x176.jpg 300w, https://maestronacor.com/wp-content/uploads/2014/02/historia1.jpg 928w" sizes="auto, (max-width: 300px) 100vw, 300px" /></a></p>
<p style="text-align: justify;">En noviembre de 2006, un grupo de músicos y amigos deciden agruparse formando una nueva banda de música en la ciudad de Zamora, con el único objetivo de disfrutar todos juntos de una de sus mayores aficiones, la Música, intentando que a su vez esta nueva formación se integrase en la vida artística y musical de la ciudad con su participación en los actos y acontecimientos más representativos de la misma, y en especial, en su Semana Santa.</p>
<p><a href="http://maestronacor.com/wp-content/uploads/2014/02/historia2.jpg"><img loading="lazy" decoding="async" class="size-medium wp-image-97 aligncenter" alt="historia2" src="http://maestronacor.com/wp-content/uploads/2014/02/historia2-300x200.jpg" width="300" height="200" srcset="https://maestronacor.com/wp-content/uploads/2014/02/historia2-300x200.jpg 300w, https://maestronacor.com/wp-content/uploads/2014/02/historia2.jpg 328w" sizes="auto, (max-width: 300px) 100vw, 300px" /></a></p>
<p style="text-align: justify;">Estas pretensiones son llevadas a la realidad, y fruto de la ilusión y del trabajo es el primer concierto realizado por la Banda de Música “Maestro Nacor Blanco” (denominación fijada en honor al músico y director zamorano) en Marzo de 2007, y su participación, ese mismo año, en cuatro de los desfiles procesionales de la Semana de Pasión zamorana. En el mes de Junio de 2007 se formaliza oficialmente la Asociación Cultural Banda de Música “Maestro Nacor Blanco”, creada para la gestión y el mantenimiento de las infraestructuras necesarias para el desarrollo de la propia actividad de la Banda de Música.</p>
<p><a href="http://maestronacor.com/wp-content/uploads/2014/02/historia3.jpg"><img loading="lazy" decoding="async" class="size-medium wp-image-98 aligncenter" alt="historia3" src="http://maestronacor.com/wp-content/uploads/2014/02/historia3-300x181.jpg" width="300" height="181" srcset="https://maestronacor.com/wp-content/uploads/2014/02/historia3-300x181.jpg 300w, https://maestronacor.com/wp-content/uploads/2014/02/historia3.jpg 829w" sizes="auto, (max-width: 300px) 100vw, 300px" /></a></p>
<p style="text-align: justify;">Desde ese primer concierto, las actuaciones realizadas y las colaboraciones mantenidas con otras asociaciones e instituciones han sido numerosas, superando en estos momentos más del centenar de participaciones en distintos actos, quedando así constatada la consolidación del proyecto inicial. Debido a la obtención de estos óptimos resultados, los objetivos iniciales  de la Banda de Música y de su Asociación Cultural han sido ampliados, con la creación de una Escuela de Música en dónde formar nuevos instrumentistas, el surgimiento de distintas formaciones musicales integradas dentro de la Asociación, la organización de distintos eventos de carácter musical y cultural a lo largo de estos años y el planteamiento de un proyecto de futuro, realista, responsable y comprometido con Zamora, que permita seguir creciendo musical y culturalmente a esta formación musical, a sus integrantes y a todos aquellos que quieran disfrutar de nuestra música, su música.</p>
<p><a href="http://maestronacor.com/wp-content/uploads/2014/02/historia4.jpg"><img loading="lazy" decoding="async" class="size-medium wp-image-99 aligncenter" alt="historia4" src="http://maestronacor.com/wp-content/uploads/2014/02/historia4-300x225.jpg" width="300" height="225" srcset="https://maestronacor.com/wp-content/uploads/2014/02/historia4-300x225.jpg 300w, https://maestronacor.com/wp-content/uploads/2014/02/historia4.jpg 604w" sizes="auto, (max-width: 300px) 100vw, 300px" /></a></p>

<p>En noviembre de 2006, un grupo de músicos y amigos deciden agruparse formando una nueva banda de música en la ciudad de Zamora, con el único objetivo de disfrutar todos juntos de una de sus mayores aficiones, la Música, intentando que a su vez esta nueva formación se integrase en la vida artística y musical [&hellip;]</p>
