{"id":2091,"date":"2019-01-24T22:04:09","date_gmt":"2019-01-24T21:04:09","guid":{"rendered":"http:\/\/maestronacor.com\/?page_id=2091"},"modified":"2019-02-02T21:32:07","modified_gmt":"2019-02-02T20:32:07","slug":"maestro-cervero","status":"publish","type":"page","link":"https:\/\/maestronacor.com\/?page_id=2091","title":{"rendered":"Maestro Cerver\u00f3"},"content":{"rendered":"\n<p><strong>Carlos Cerver\u00f3 Alemany<\/strong><\/p>\n\n\n\n<p><strong>Naci\u00f3 en Monserrat (Valencia) el 9 de Agosto de 1933. A los 19 a\u00f1os ingresa por Oposici\u00f3n en el Cuerpo de M\u00fasica de la Armada Espa\u00f1ola. Ha realizado estudios de Clarinete, Armon\u00eda, Contrapunto y Fuga y los de Composici\u00f3n y Direcci\u00f3n en el Real Conservatorio Superior de M\u00fasica de Madrid.<\/strong><\/p>\n\n\n\n<p><strong>Como instrumentista ha actuado en la Orquesta Nacional de Espa\u00f1a, Orquesta de Radio Nacional y Orquesta de Radio-Televisi\u00f3n Espa\u00f1ola.<\/strong><\/p>\n\n\n\n<p><strong>Est\u00e1 en posesi\u00f3n de diversas condecoraciones entre las que destaca la Cruz de la Real y Militar Orden de San Hermenegildo, y es Hermano de Honor de la Cofrad\u00eda d del Via Crucis de Zamora.<\/strong><\/p>\n\n\n\n<p><strong>Fue Teniente Subdirector M\u00fasico de la Banda de M\u00fasica de la Agrupaci\u00f3n de Infanter\u00eda de Marina de Madrid hasta 1990. Banda del Tercio Sur. Con posterioridad fue Director de la Banda de M\u00fasica del Consorcio Musical de la Diputaci\u00f3n Provincial de Zamora entre los a\u00f1os 1991 y 1993, Banda de M\u00fasica de Majadahonda (Madrid) y Banda de M\u00fasica de Catadau (Valencia).<\/strong><\/p>\n\n\n\n<p><strong>Finalista del \u00abPremio Ej\u00e9rcito para Canciones de Marcha\u00bb con \u00abDiana y Susana\u00bb en 1985. Finalista del Concurso de Marchas Procesionales Fundaci\u00f3n de Sevillana Electricidad con \u00abAl pie de la Cruz\u00bb en 1991. Finalista del Concurso de Pasadobles Taurinos con \u00abEl pase\u00edllo\u00bb en 1992. Premio de Composici\u00f3n Ciudad de Ja\u00e9n de la Diputaci\u00f3n Provincial con \u00abRetablo Jaenero\u00bb en 1994.<\/strong><\/p>\n\n\n\n<p><strong>Destaca y es reconocido en toda la geograf\u00eda espa\u00f1ola como compositor de marchas procesionales para diferentes cofrad\u00edas e im\u00e1genes de devoci\u00f3n.<\/strong><\/p>\n\n\n\n<p><strong>Para Semana Santa ha compuesto: \u00abNuestro Padre Jes\u00fas de los Afligidos\u00bb para la Hermandad de los Afligidos de San Fernando (C\u00e1diz) en&nbsp;1982.<\/strong><\/p>\n\n\n\n<p><strong>J\u00f3venes Cargadores Cofrades de La Isla\u00bb para los J\u00f3venes Cargadores Cofrades de San Fernando (C\u00e1diz) en&nbsp;1983.<\/strong><\/p>\n\n\n\n<p><strong>Instrumentacion de la obra\u00bbVirgen de la Piedad\u00bb, para la Hermandad de la Piedad de San Fernando (C\u00e1diz) en&nbsp;1984.<\/strong><\/p>\n\n\n\n<p><strong>\u00abAnderos de la Buena Muerte\u00bb para la Hermandad de la Buena Muerte de Ja\u00e9n en&nbsp;1988.<\/strong><\/p>\n\n\n\n<p><strong>Para Agrupaci\u00f3n Musical\u00bbGrupo Joven\u00bb para la Hermandad de la Buena Muerte de Ja\u00e9n en&nbsp;1990.<\/strong><\/p>\n\n\n\n<p><strong>\u00abAl Pie de la Cruz\u00bb para el Certamen de Marchas Procesionales de Sevillana Electricidad en&nbsp;1991.<\/strong><\/p>\n\n\n\n<p><strong>\u00abNazareno de San Frontis\u00bb para la Cofrad\u00eda de Jes\u00fas del V\u00eda Crucis de Zamora en&nbsp;1991. Grabada por la Banda de M\u00fasica de Infanter\u00eda de Marina en su disco \u00abMarchas Procesionales\u00bb.<\/strong><\/p>\n\n\n\n<p><strong>\u00abLa Esperanza de Zamora\u00bb para la Cofrad\u00eda de Jes\u00fas del V\u00eda Crucis de Zamora en&nbsp;1992. Grabada por la Banda de M\u00fasica de Infanter\u00eda de Marina en su disco \u00abMarchas Procesionales\u00bb.<\/strong><\/p>\n\n\n\n<p><strong>\u00abCalle Campanas\u00bb para la Hermandad de la Buena Muerte de Ja\u00e9n en&nbsp;1992.<\/strong><\/p>\n\n\n\n<p><strong>\u00abLa Soledad\u00bb para la Seccion de la Virgen de la Soledad. Cofrad\u00eda de Jes\u00fas Nazareno Vulgo Congregaci\u00f3n de Zamora en&nbsp;1992. Grabada por la Banda de M\u00fasica de Infanter\u00eda de Marina en su disco \u00abMarchas Procesionales\u00bb.<\/strong><\/p>\n\n\n\n<p><strong>\u00abAngustias, Madre\u00bb para la Hermandad de la Buena Muerte de Ja\u00e9n en&nbsp;1994.<\/strong><\/p>\n\n\n\n<p><strong>\u00abP\u00f3rtico de Semana Santa\u00bb con textos de Ram\u00f3n Guix\u00e1, para la Agrupaci\u00f3n de Cofrad\u00edas de Ja\u00e9n en&nbsp;1994.<\/strong><\/p>\n\n\n\n<p><strong>\u00abEstaci\u00f3n de Penitencia\u00bb para la Hermandad de la Buena Muerte de Ja\u00e9n en&nbsp;1997.<\/strong><\/p>\n\n\n\n<p><strong>\u00abEstaci\u00f3n de Penitencia\u00bb para la Hermandad de la Buena Muerte de Ja\u00e9n en&nbsp;1998.<\/strong><\/p>\n\n\n\n<p><strong>\u00abBuena Muerte\u00bb para la Hermandad de la Buena Muerte de Ja\u00e9n en&nbsp;1999.<\/strong><\/p>\n\n\n\n<p><strong>\u00abPerd\u00f3n, Amor y Esperanza. 50 A\u00f1os\u00bb para la Cofrad\u00eda del Perd\u00f3n de Ja\u00e9n en&nbsp;2002.<\/strong><\/p>\n\n\n\n<p><strong>\u00abPobre Madre, \u00a1Est\u00e1 Llorando!\u00bb para la Cofrad\u00eda de la Soledad de Ja\u00e9n en&nbsp;2004.<\/strong><\/p>\n\n\n\n<p><strong>\u00abCristo del Perd\u00f3n\u00bb para la Cofrad\u00eda del Perd\u00f3n de Ja\u00e9n en&nbsp;2005.<\/strong><\/p>\n\n\n\n<p><strong>Muerto\u201d para la Real Cofradia del Santo Entierro de Zamora en 2013.<\/strong><\/p>\n\n\n\n<p><strong>Es tambi\u00e9n autor de obras sinf\u00f3nicas como: \u00abLa Riada\u00bb o \u00abAl Aire de Ja\u00e9n\u00bb, \u201cLa escuadra de Ivan\u201d.<\/strong><\/p>\n\n\n\n<p><strong>Antolog\u00edas de obras populares como \u00abHomenaje a M\u00e9jico\u00bb o \u00abAsturias\u00bb.<\/strong><\/p>\n\n\n\n<p><strong>Pasodobles como: \u00abMoreno\u00bb, \u00abAires del Portell\u00bb, \u00abAires del Naranco\u00bb, \u00b7Aires de Jaen\u201d,&nbsp;&nbsp;\u00abLa Font y el Soparet\u00bb y \u00abTorre de Muza\u00bb. Marchas como \u00abA\u00f1oranza\u00bb y \u00abAlmor\u00e1vides\u00bb.<\/strong><\/p>\n\n\n\n<p><strong>Pasodobles taurinos como: \u201cEl torero de Chiva\u201d \u00abPaco Six\u00f3\u00bb o \u00abValenciano y Jaenero\u00bb, dedicado a Enrique Ponce.<\/strong><\/p>\n\n\n\n<p><strong>Tambien es autor del himno del Cuerpo de Reservistas Voluntarios que lleva por titulo el Yunque y la Espada creada en 2012.<\/strong><\/p>\n\n\n\n<p><strong>Fuentes: <\/strong><\/p>\n\n\n\n<p><strong>Tertulia Cofrade Santo Reino, usuario OddBulb<\/strong><\/p>\n\n\n\n<p><strong>Patrimonio Musical, usuario palio_<\/strong><\/p>\n\n\n\n<p><strong>La Opinion el Correo de Zamora<\/strong><\/p>\n\n\n\n<h2 class=\"wp-block-heading\"><a href=\"https:\/\/hidrive.ionos.com\/share\/j.t6m8y1g6\">Archivo Maestro Cerver\u00f3<\/a><\/h2>\n\n\n\n<p><\/p>\n","protected":false},"excerpt":{"rendered":"<p>Carlos Cerver\u00f3 Alemany Naci\u00f3 en Monserrat (Valencia) el 9 de Agosto de 1933. A los 19 a\u00f1os ingresa por Oposici\u00f3n en el Cuerpo de M\u00fasica de la Armada Espa\u00f1ola. Ha realizado estudios de Clarinete, Armon\u00eda, Contrapunto y Fuga y los de Composici\u00f3n y Direcci\u00f3n en el Real Conservatorio Superior de M\u00fasica de Madrid. Como instrumentista [&hellip;]<\/p>\n","protected":false},"author":1,"featured_media":0,"parent":0,"menu_order":0,"comment_status":"closed","ping_status":"closed","template":"","meta":{"footnotes":""},"class_list":["post-2091","page","type-page","status-publish","hentry"],"jetpack_sharing_enabled":true,"_links":{"self":[{"href":"https:\/\/maestronacor.com\/index.php?rest_route=\/wp\/v2\/pages\/2091","targetHints":{"allow":["GET"]}}],"collection":[{"href":"https:\/\/maestronacor.com\/index.php?rest_route=\/wp\/v2\/pages"}],"about":[{"href":"https:\/\/maestronacor.com\/index.php?rest_route=\/wp\/v2\/types\/page"}],"author":[{"embeddable":true,"href":"https:\/\/maestronacor.com\/index.php?rest_route=\/wp\/v2\/users\/1"}],"replies":[{"embeddable":true,"href":"https:\/\/maestronacor.com\/index.php?rest_route=%2Fwp%2Fv2%2Fcomments&post=2091"}],"version-history":[{"count":7,"href":"https:\/\/maestronacor.com\/index.php?rest_route=\/wp\/v2\/pages\/2091\/revisions"}],"predecessor-version":[{"id":2109,"href":"https:\/\/maestronacor.com\/index.php?rest_route=\/wp\/v2\/pages\/2091\/revisions\/2109"}],"wp:attachment":[{"href":"https:\/\/maestronacor.com\/index.php?rest_route=%2Fwp%2Fv2%2Fmedia&parent=2091"}],"curies":[{"name":"wp","href":"https:\/\/api.w.org\/{rel}","templated":true}]}}