{"id":20,"date":"2014-02-03T17:06:23","date_gmt":"2014-02-03T16:06:23","guid":{"rendered":"http:\/\/maestronacor.com\/?page_id=20"},"modified":"2018-07-22T12:20:15","modified_gmt":"2018-07-22T10:20:15","slug":"enlaces-de-interes","status":"publish","type":"page","link":"https:\/\/maestronacor.com\/?page_id=20","title":{"rendered":"Enlaces de Inter\u00e9s"},"content":{"rendered":"<p>&nbsp;<\/p>\n<p><span style=\"text-decoration: underline;\">Compositores<\/span><\/p>\n<ul>\n<li>Jaime Guti\u00e9rrez Dom\u00ednguez: <a href=\"http:\/\/www.jaimejed.com\">www.jaimejed.com<\/a><\/li>\n<li>Pablo Antonio Garc\u00eda S\u00e1nchez: <a href=\"http:\/\/www.pabloantoniogarciasanchez.es.tl\">www.pabloantoniogarciasanchez.es.tl<\/a><\/li>\n<\/ul>\n<p>&nbsp;<\/p>\n<p><span style=\"text-decoration: underline;\">Tiendas de M\u00fasica<\/span><\/p>\n<ul>\n<li>Thomann (Alemania): <a href=\"http:\/\/www.thomann.de\">www.thomann.de<\/a><\/li>\n<li>Rivera M\u00fasica (Valencia): <a href=\"http:\/\/www.riveramusica.es\">www.riveramusica.es<\/a><\/li>\n<li>X\u00e1tiva Musical (Valencia): <a href=\"http:\/\/www.xativamusical.es\">www.xativamusical.es<\/a><\/li>\n<li>Donosti Sound (Guip\u00fazcoa): <a href=\"http:\/\/www.donostisound.com\">www.donostisound.com<\/a><\/li>\n<li>Musical Pontevedra (Pontevedra): <a href=\"http:\/\/www.musicalpontevedra.es\">www.musicalpontevedra.es<\/a><\/li>\n<li>Quinta Justa (Barcelona): <a href=\"http:\/\/www.quintajusta.es\">www.quintajusta.es<\/a><\/li>\n<li>Tam Tam Percusi\u00f3n (Sevilla): <a href=\"http:\/\/www.tamtampercusi\u00f3n.com\">www.tamtampercusi\u00f3n.com<\/a><\/li>\n<li>Alteisa (Zamora): <a href=\"http:\/\/www.alteisa.es\">www.alteisa.es<\/a><\/li>\n<\/ul>\n<p>&nbsp;<\/p>\n<p><span style=\"text-decoration: underline;\">Bandas de M\u00fasica<\/span><\/p>\n<ul>\n<li>Banda Municipal de M\u00fasica de Zamora: <a href=\"https:\/\/es-es.facebook.com\/Banda-de-M\u00fasica-de-Zamora-345135942170173\/\">Facebook de La Banda de M\u00fasica de Zamora<\/a><\/li>\n<li>Asociaci\u00f3n Musical \u201cVilla de Olmedo\u201d (Valladolid): <a href=\"http:\/\/www.asociacionmusicalolmedo.es\">www.asociacionmusicalolmedo.es<\/a><\/li>\n<li>Banda Municipal de M\u00fasica de Villamayor (Salamanca):\u00a0 <a href=\"http:\/\/www.bandamunicipaldemusicadevillamayor.blogspot.com.es\">www.bandamunicipaldemusicadevillamayor.blogspot.com.es<\/a><\/li>\n<\/ul>\n<p><span style=\"text-decoration: underline;\">Otros enlaces de inter\u00e9s:<\/span><\/p>\n<ul>\n<li>Patrimonio Musical: \u00a0<a href=\"http:\/\/www.patrimoniomusical.com\">www.patrimoniomusical.com<\/a><\/li>\n<li>El argonauta (Librer\u00eda especializada en M\u00fasica): <a href=\"http:\/\/www.elargonauta.com\">www.elargonauta.com<\/a><\/li>\n<li>Ayuntamiento de Zamora:\u00a0 <cite><a href=\"http:\/\/www.ayto-zamora.org\">www.ayto-zamora.org<\/a><\/cite><cite><\/cite><\/li>\n<li><cite><\/cite><cite>Junta Pro Semana Santa de Zamora: <a href=\"http:\/\/www.ssantazamora.es\">www.ssantazamora.es<\/a><\/cite><cite><\/cite><\/li>\n<li>Semana Santa Zamora: <a href=\"http:\/\/www.semanasantazamora.org\">www.semanasantazamora.org<\/a><\/li>\n<\/ul>\n","protected":false},"excerpt":{"rendered":"<p>&nbsp; Compositores Jaime Guti\u00e9rrez Dom\u00ednguez: www.jaimejed.com Pablo Antonio Garc\u00eda S\u00e1nchez: www.pabloantoniogarciasanchez.es.tl &nbsp; Tiendas de M\u00fasica Thomann (Alemania): www.thomann.de Rivera M\u00fasica (Valencia): www.riveramusica.es X\u00e1tiva Musical (Valencia): www.xativamusical.es Donosti Sound (Guip\u00fazcoa): www.donostisound.com Musical Pontevedra (Pontevedra): www.musicalpontevedra.es Quinta Justa (Barcelona): www.quintajusta.es Tam Tam Percusi\u00f3n (Sevilla): www.tamtampercusi\u00f3n.com Alteisa (Zamora): www.alteisa.es &nbsp; Bandas de M\u00fasica Banda Municipal de M\u00fasica de [&hellip;]<\/p>\n","protected":false},"author":1,"featured_media":0,"parent":0,"menu_order":8,"comment_status":"closed","ping_status":"closed","template":"","meta":{"footnotes":""},"class_list":["post-20","page","type-page","status-publish","hentry"],"jetpack_sharing_enabled":true,"_links":{"self":[{"href":"https:\/\/maestronacor.com\/index.php?rest_route=\/wp\/v2\/pages\/20","targetHints":{"allow":["GET"]}}],"collection":[{"href":"https:\/\/maestronacor.com\/index.php?rest_route=\/wp\/v2\/pages"}],"about":[{"href":"https:\/\/maestronacor.com\/index.php?rest_route=\/wp\/v2\/types\/page"}],"author":[{"embeddable":true,"href":"https:\/\/maestronacor.com\/index.php?rest_route=\/wp\/v2\/users\/1"}],"replies":[{"embeddable":true,"href":"https:\/\/maestronacor.com\/index.php?rest_route=%2Fwp%2Fv2%2Fcomments&post=20"}],"version-history":[{"count":8,"href":"https:\/\/maestronacor.com\/index.php?rest_route=\/wp\/v2\/pages\/20\/revisions"}],"predecessor-version":[{"id":152,"href":"https:\/\/maestronacor.com\/index.php?rest_route=\/wp\/v2\/pages\/20\/revisions\/152"}],"wp:attachment":[{"href":"https:\/\/maestronacor.com\/index.php?rest_route=%2Fwp%2Fv2%2Fmedia&parent=20"}],"curies":[{"name":"wp","href":"https:\/\/api.w.org\/{rel}","templated":true}]}}